
296
What is the highest common factor of 18164 and 336376?
76
What is the highest common factor of 34637365 and 6216?
259
Calculate the highest common factor of 104 and 101754016.
104
What is the highest common factor of 22119504 and 528?
528
Calculate the highest common factor of 12 and 2335251.
3
Calculate the greatest common factor of 1796 and 134835598.
898
What is the highest common factor of 126590 and 710?
10
Calculate the highest common factor of 5284337 and 57.
19
Calculate the highest common factor of 4 and 13413482.
2
What is the greatest common factor of 9963 and 139851?
369
What is the greatest common divisor of 1142091 and 32544?
1017
Calculate the highest common factor of 42660 and 14537580.
4740
Calculate the greatest common divisor of 61165258 and 22.
22
Calculate the greatest common factor of 159274 and 20952.
194
Calculate the highest common divisor of 10897017 and 258.
129
What is the greatest common divisor of 1976 and 5772048?
152
What is the highest common divisor of 11226522 and 1253?
179
What is the highest common divisor of 195 and 24167085?
15
Calculate the greatest common divisor of 16170 and 4292750.
770
Calculate the highest common factor of 63824 and 9864797.
3989
What is the greatest common divisor of 58361824 and 14696?
1336
Calculate the highest common factor of 7273178 and 9350.
374
What is the highest common factor of 60125632 and 128?
64
What is the highest common factor of 11901587 and 51489?
1907
What is the highest common factor of 1485 and 1094390?
55
What is the highest common divisor of 200 and 1187525?
25
What is the greatest common factor of 232 and 188277512?
232
Calculate the highest common factor of 403572 and 20.
4
Calculate the highest common factor of 91 and 78494.
13
What is the greatest common factor of 8789 and 7789451?
799
What is the greatest common divisor of 2900 and 5314825?
25
What is the highest common divisor of 177641 and 208353?
349
What is the highest common divisor of 746 and 287910494?
746
What is the highest common divisor of 12476922 and 78?
6
Calculate the highest common factor of 18020 and 275240.
20
Calculate the highest common factor of 7968 and 1647456.
96
Calculate the highest common factor of 300 and 1868940.
60
What is the highest common divisor of 70 and 775690?
10
What is the highest common factor of 960131872 and 5451?
1817
Calculate the highest common factor of 1482377 and 103727.
1313
What is the highest common factor of 14 and 8901826?
2
Calculate the greatest common divisor of 6224010 and 540.
30
What is the greatest common divisor of 317544 and 2236544?
808
Calculate the highest common factor of 106763 and 4624477.
443
What is the greatest common factor of 15819589 and 5029?
47
Calculate the greatest common factor of 219709 and 29.
1
What is the highest common divisor of 3495387 and 12138?
357
Calculate the highest common factor of 3950 and 864350.
50
Calculate the highest common factor of 126443187 and 13.
13
Calculate the highest common factor of 3586 and 103708.
22
What is the highest common factor of 3895182 and 3007962?
2862
Calculate the greatest common factor of 63572009 and 889.
127
Calculate the greatest common divisor of 81874467 and 28593.
3177
Calculate the greatest common divisor of 280827996 and 2436.
348
Calculate the highest common factor of 107904038 and 132.
22
Calculate the greatest common divisor of 818631 and 143.
11
What is the greatest common divisor of 62420814 and 8208?
1026
What is the greatest common divisor of 17802 and 13270402?
1978
What is the highest common divisor of 4464 and 3117360?
1488
What is the greatest common factor of 61485723 and 1053?
1053
Calculate the highest common factor of 605835462 and 87.
87
Calculate the highest common divisor of 99234675 and 150.
75
What is the highest common divisor of 230673684 and 348?
12
What is the greatest common factor of 195 and 220661727?
39
Calculate the greatest common divisor of 3835 and 158197.
13
Calculate the greatest common divisor of 4386305 and 308.
77
What is the greatest common divisor of 5909 and 4442324?
311
Calculate the greatest common divisor of 1216380 and 1540.
220
What is the greatest common factor of 447583 and 9?
1
Calculate the greatest common factor of 66 and 9711614.
22
What is the highest common factor of 41711615 and 605?
55
Calculate the highest common divisor of 39 and 9030528.
39
Calculate the greatest common factor of 18804713 and 4771.
367
What is the highest common divisor of 5373 and 15981948?
27
Calculate the greatest common factor of 694288 and 16142.
14
Calculate the greatest common factor of 76770992 and 2032.
2032
Calculate the greatest common factor of 3199347 and 36.
9
What is the greatest common divisor of 169014990 and 390?
30
Calculate the greatest common factor of 161809 and 22919903.
2279
Calculate the greatest common divisor of 6822 and 98046.
18
What is the highest common divisor of 3774765 and 332085?
1965
Calculate the greatest common factor of 1335 and 120119295.
1335
Calculate the highest common divisor of 1082869717 and 76.
19
Calculate the greatest common divisor of 94967 and 15364009.
4129
What is the highest common factor of 176 and 9915824?
16
Calculate the highest common factor of 477738 and 39366.
486
Calculate the greatest common factor of 53985 and 50933048.
3599
Calculate the greatest common divisor of 300 and 153917940.
60
What is the greatest common divisor of 231 and 149257059?
21
What is the highest common factor of 223146 and 7350?
294
Calculate the greatest common factor of 188 and 452749872.
188
Calculate the greatest common factor of 30069501 and 924.
231
Calculate the greatest common divisor of 658411 and 325.
13
Calculate the highest common factor of 21824 and 2911117.
341
Calculate the greatest common divisor of 19795 and 300563.
107
What is the highest common divisor of 252817984 and 2752?
2752
Calculate the highest common factor of 3417 and 4410684.
51
Calculate the greatest common factor of 4251 and 191959573.
1417
Calculate the greatest common factor of 245843409 and 63.
21
What is the highest common divisor of 1239003 and 34989?
327
Calculate the greatest common factor of 3750040 and 110.
10
What is the highest common factor of 611483315 and 15970?
7985
Calculate the highest common divisor of 239069475 and 28188.
7047
Calculate the highest common divisor of 596800 and 11258632.
2984
Calculate the highest common factor of 3248 and 982912.
112
What is the highest common factor of 2531 and 1186484711?
2531
What is the greatest common divisor of 10769 and 778?
1
What is the highest common divisor of 7734 and 13042102?
2578
Calculate the highest common factor of 1402959425 and 1190.
595
What is the greatest common divisor of 292896 and 9801?
81
What is the highest common factor of 4893604 and 4828?
284
What is the highest common factor of 1635602 and 2354?
214
Calculate the highest common divisor of 189 and 6211709.
7
What is the highest common factor of 2863 and 108122?
7
Calculate the greatest common factor of 2292 and 2622426180.
2292
Calculate the highest common divisor of 4101874 and 3752.
938
Calculate the highest common factor of 248 and 1427.
1
Calculate the highest common divisor of 6330 and 25068066.
1266
What is the highest common divisor of 273 and 1089465?
39
What is the highest common factor of 12556 and 7224299?
73
What is the highest common divisor of 92249 and 121075?
29
Calculate the greatest common divisor of 638 and 10592065.
11
Calculate the highest common divisor of 456 and 12097167.
57
What is the highest common divisor of 19644 and 3026813?
1637
Calculate the highest common divisor of 3219 and 21541326.
111
Calculate the highest common factor of 46078539 and 156.
39
What is the highest common factor of 864 and 498048?
96
What is the greatest common factor of 47775 and 4273425?
975
Calculate the highest common factor of 2770 and 177299390.
2770
What is the highest common factor of 31912776 and 4416?
552
What is the highest common divisor of 6736312 and 7744?
968
Calculate the greatest common factor of 258931852 and 10568.
5284
What is the greatest common divisor of 49 and 63296443?
7
What is the highest common factor of 50711517 and 100377?
5283
Calculate the highest common divisor o